{"id":9,"date":"2018-07-18T12:13:31","date_gmt":"2018-07-18T09:13:31","guid":{"rendered":"http:\/\/aytekkundukgida.com\/demo\/demo\/?page_id=9"},"modified":"2020-10-09T00:41:51","modified_gmt":"2020-10-08T21:41:51","slug":"hakkimizda","status":"publish","type":"page","link":"http:\/\/aytekkundukgida.com\/index.php\/hakkimizda\/","title":{"rendered":"Hakk\u0131m\u0131zda"},"content":{"rendered":"<div id=\"pl-9\"  class=\"panel-layout\" ><div id=\"pg-9-0\"  class=\"panel-grid panel-has-style\" ><div class=\"panel-row-style panel-row-style-for-9-0\" ><div id=\"pgc-9-0-0\"  class=\"panel-grid-cell\" ><div id=\"panel-9-0-0-0\" class=\"so-panel widget widget_sow-editor panel-first-child panel-last-child\" data-index=\"0\" ><div class=\"so-widget-sow-editor so-widget-sow-editor-base\">\n<div class=\"siteorigin-widget-tinymce textwidget\">\n\t<p><img loading=\"lazy\" class=\"size-full wp-image-394\" src=\"http:\/\/aytekkundukgida.com\/demo\/wp-content\/uploads\/2020\/09\/cesitli-promosyon-urunleri-1.jpg\" alt=\"\" width=\"1500\" height=\"900\" \/><\/p>\n<\/div>\n<\/div><\/div><\/div><div id=\"pgc-9-0-1\"  class=\"panel-grid-cell\" ><div id=\"panel-9-0-1-0\" class=\"so-panel widget widget_sow-editor panel-first-child panel-last-child\" data-index=\"1\" ><div class=\"so-widget-sow-editor so-widget-sow-editor-base\">\n<div class=\"siteorigin-widget-tinymce textwidget\">\n\t<p><span style=\"color: #000000;\">Sekt\u00f6rde y\u0131llar\u0131n kazand\u0131rd\u0131\u011f\u0131 tecr\u00fcbeyi, m\u00fc\u015fterilerimizden ald\u0131\u011f\u0131m\u0131z g\u00fcven ile harmanlayarak ; Kendimizi her daim geli\u015ftirerek, t\u00fcm yenilikleri <span style=\"color: #ff0000;\">\u2018\u2019 H\u0131zl\u0131 teslimat \/ Uygun fiyat \u2018\u2019<\/span> politikas\u0131 ile do\u011fru zamanda m\u00fc\u015fterilerimize ula\u015ft\u0131rmaktay\u0131z.<\/span><\/p>\n<\/div>\n<\/div><\/div><\/div><\/div><\/div><\/div>","protected":false},"excerpt":{"rendered":"<p>Sekt\u00f6rde y\u0131llar\u0131n kazand\u0131rd\u0131\u011f\u0131 tecr\u00fcbeyi, m\u00fc\u015fterilerimizden ald\u0131\u011f\u0131m\u0131z g\u00fcven ile harmanlayarak ; Kendimizi her daim geli\u015ftirerek, t\u00fcm yenilikleri \u2018\u2019 H\u0131zl\u0131 teslimat \/ Uygun fiyat \u2018\u2019 politikas\u0131 ile do\u011fru zamanda m\u00fc\u015fterilerimize ula\u015ft\u0131rmaktay\u0131z.<\/p>\n","protected":false},"author":1,"featured_media":0,"parent":0,"menu_order":0,"comment_status":"closed","ping_status":"closed","template":"templates\/page-fullwidth_template.php","meta":[],"_links":{"self":[{"href":"http:\/\/aytekkundukgida.com\/index.php\/wp-json\/wp\/v2\/pages\/9"}],"collection":[{"href":"http:\/\/aytekkundukgida.com\/index.php\/wp-json\/wp\/v2\/pages"}],"about":[{"href":"http:\/\/aytekkundukgida.com\/index.php\/wp-json\/wp\/v2\/types\/page"}],"author":[{"embeddable":true,"href":"http:\/\/aytekkundukgida.com\/index.php\/wp-json\/wp\/v2\/users\/1"}],"replies":[{"embeddable":true,"href":"http:\/\/aytekkundukgida.com\/index.php\/wp-json\/wp\/v2\/comments?post=9"}],"version-history":[{"count":16,"href":"http:\/\/aytekkundukgida.com\/index.php\/wp-json\/wp\/v2\/pages\/9\/revisions"}],"predecessor-version":[{"id":632,"href":"http:\/\/aytekkundukgida.com\/index.php\/wp-json\/wp\/v2\/pages\/9\/revisions\/632"}],"wp:attachment":[{"href":"http:\/\/aytekkundukgida.com\/index.php\/wp-json\/wp\/v2\/media?parent=9"}],"curies":[{"name":"wp","href":"https:\/\/api.w.org\/{rel}","templated":true}]}}