{"id":15,"date":"2018-07-18T12:14:02","date_gmt":"2018-07-18T09:14:02","guid":{"rendered":"http:\/\/aytekkundukgida.com\/demo\/demo\/?page_id=15"},"modified":"2024-10-04T12:35:41","modified_gmt":"2024-10-04T09:35:41","slug":"iletisim","status":"publish","type":"page","link":"http:\/\/aytekkundukgida.com\/index.php\/iletisim\/","title":{"rendered":""},"content":{"rendered":"<div id=\"pl-15\"  class=\"panel-layout\" ><div id=\"pg-15-0\"  class=\"panel-grid panel-has-style\" ><div class=\"panel-row-style panel-row-style-for-15-0\" ><div id=\"pgc-15-0-0\"  class=\"panel-grid-cell\" ><div id=\"panel-15-0-0-0\" class=\"so-panel widget widget_sow-editor panel-first-child panel-last-child\" data-index=\"0\" ><div class=\"so-widget-sow-editor so-widget-sow-editor-base\">\n<div class=\"siteorigin-widget-tinymce textwidget\">\n\t<p><img loading=\"lazy\" class=\"alignnone wp-image-474\" src=\"http:\/\/aytekkundukgida.com\/demo\/wp-content\/uploads\/2020\/09\/ilts.jpg\" alt=\"\" width=\"115\" height=\"42\" \/><\/p>\n<\/div>\n<\/div><\/div><\/div><\/div><\/div><div id=\"pg-15-1\"  class=\"panel-grid panel-no-style\" ><div id=\"pgc-15-1-0\"  class=\"panel-grid-cell\" ><div id=\"panel-15-1-0-0\" class=\"so-panel widget widget_sow-editor panel-first-child panel-last-child\" data-index=\"1\" ><div class=\"panel-widget-style panel-widget-style-for-15-1-0-0\" ><div class=\"so-widget-sow-editor so-widget-sow-editor-base\">\n<div class=\"siteorigin-widget-tinymce textwidget\">\n\t<p><img loading=\"lazy\" class=\"alignnone wp-image-402 aligncenter\" src=\"http:\/\/aytekkundukgida.com\/demo\/wp-content\/uploads\/2020\/09\/c_me_address_1181129.png\" alt=\"\" width=\"77\" height=\"77\" srcset=\"http:\/\/aytekkundukgida.com\/wp-content\/uploads\/2020\/09\/c_me_address_1181129.png 512w, http:\/\/aytekkundukgida.com\/wp-content\/uploads\/2020\/09\/c_me_address_1181129-300x300.png 300w, http:\/\/aytekkundukgida.com\/wp-content\/uploads\/2020\/09\/c_me_address_1181129-150x150.png 150w\" sizes=\"(max-width: 77px) 100vw, 77px\" \/><\/p>\n<p style=\"text-align: center;\"><span style=\"color: #000000;\"><strong>Adres \u00a0:<\/strong> Yeni\u015fehir, 1202. Sk. Ulubey \u0130\u015f Merkez No:57\/D, 35170 Konak\/\u0130zmir<\/span><\/p>\n<\/div>\n<\/div><\/div><\/div><\/div><div id=\"pgc-15-1-1\"  class=\"panel-grid-cell\" ><div id=\"panel-15-1-1-0\" class=\"so-panel widget widget_sow-editor panel-first-child panel-last-child\" data-index=\"2\" ><div class=\"panel-widget-style panel-widget-style-for-15-1-1-0\" ><div class=\"so-widget-sow-editor so-widget-sow-editor-base\">\n<div class=\"siteorigin-widget-tinymce textwidget\">\n\t<p><img loading=\"lazy\" class=\"alignnone wp-image-403 aligncenter\" src=\"http:\/\/aytekkundukgida.com\/demo\/wp-content\/uploads\/2020\/09\/tikla.png\" alt=\"\" width=\"67\" height=\"67\" srcset=\"http:\/\/aytekkundukgida.com\/wp-content\/uploads\/2020\/09\/tikla.png 240w, http:\/\/aytekkundukgida.com\/wp-content\/uploads\/2020\/09\/tikla-150x150.png 150w\" sizes=\"(max-width: 67px) 100vw, 67px\" \/><\/p>\n<p style=\"text-align: left;\"><span style=\"color: #000000;\"><strong>\u00a0 \u00a0 \u00a0 \u00a0 \u00a0 Telefon\u00a0 \u00a0 \u00a0:\u00a0 (0232) 457 13 69<\/strong><\/span><br \/>\n<span style=\"color: #000000;\"><strong>\u00a0 \u00a0 \u00a0 \u00a0 \u00a0 \u00a0Mobil\u00a0 \u00a0 \u00a0 \u00a0:\u00a0 0532 255 49 20<\/strong><\/span><\/p>\n<p>&nbsp;<\/p>\n<\/div>\n<\/div><\/div><\/div><\/div><div id=\"pgc-15-1-2\"  class=\"panel-grid-cell\" ><div id=\"panel-15-1-2-0\" class=\"so-panel widget widget_sow-editor panel-first-child panel-last-child\" data-index=\"3\" ><div class=\"panel-widget-style panel-widget-style-for-15-1-2-0\" ><div class=\"so-widget-sow-editor so-widget-sow-editor-base\">\n<div class=\"siteorigin-widget-tinymce textwidget\">\n\t<p><img loading=\"lazy\" class=\"alignnone wp-image-404 aligncenter\" src=\"http:\/\/aytekkundukgida.com\/demo\/wp-content\/uploads\/2020\/09\/64838-icons-symbol-envelope-computer-mail-logo-email.png\" alt=\"\" width=\"66\" height=\"66\" srcset=\"http:\/\/aytekkundukgida.com\/wp-content\/uploads\/2020\/09\/64838-icons-symbol-envelope-computer-mail-logo-email.png 1200w, http:\/\/aytekkundukgida.com\/wp-content\/uploads\/2020\/09\/64838-icons-symbol-envelope-computer-mail-logo-email-300x300.png 300w, http:\/\/aytekkundukgida.com\/wp-content\/uploads\/2020\/09\/64838-icons-symbol-envelope-computer-mail-logo-email-1024x1021.png 1024w, http:\/\/aytekkundukgida.com\/wp-content\/uploads\/2020\/09\/64838-icons-symbol-envelope-computer-mail-logo-email-150x150.png 150w, http:\/\/aytekkundukgida.com\/wp-content\/uploads\/2020\/09\/64838-icons-symbol-envelope-computer-mail-logo-email-768x765.png 768w\" sizes=\"(max-width: 66px) 100vw, 66px\" \/><\/p>\n<p style=\"text-align: left;\"><span style=\"color: #000000;\"><strong>\u00a0 \u00a0 \u00a0 \u00a0 \u00a0 \u00a0 \u00a0<\/strong><\/span><br \/>\n<span style=\"color: #000000;\"><strong>\u00a0 \u00a0 \u00a0 \u00a0 \u00a0 \u00a0 \u00a0aytekkunduk@superonline.com<\/strong><\/span><\/p>\n<p>&nbsp;<\/p>\n<\/div>\n<\/div><\/div><\/div><\/div><\/div><div id=\"pg-15-2\"  class=\"panel-grid panel-no-style\" ><div id=\"pgc-15-2-0\"  class=\"panel-grid-cell\" ><div id=\"panel-15-2-0-0\" class=\"so-panel widget widget_sow-editor panel-first-child panel-last-child\" data-index=\"4\" ><div class=\"panel-widget-style panel-widget-style-for-15-2-0-0\" ><div class=\"so-widget-sow-editor so-widget-sow-editor-base\">\n<div class=\"siteorigin-widget-tinymce textwidget\">\n\t<div role=\"form\" class=\"wpcf7\" id=\"wpcf7-f400-o1\" lang=\"tr-TR\" dir=\"ltr\">\n<div class=\"screen-reader-response\" role=\"alert\" aria-live=\"polite\"><\/div>\n<form action=\"\/index.php\/wp-json\/wp\/v2\/pages\/15#wpcf7-f400-o1\" method=\"post\" class=\"wpcf7-form init\" novalidate=\"novalidate\">\n<div style=\"display: none;\">\n<input type=\"hidden\" name=\"_wpcf7\" value=\"400\" \/>\n<input type=\"hidden\" name=\"_wpcf7_version\" value=\"5.2.2\" \/>\n<input type=\"hidden\" name=\"_wpcf7_locale\" value=\"tr_TR\" \/>\n<input type=\"hidden\" name=\"_wpcf7_unit_tag\" value=\"wpcf7-f400-o1\" \/>\n<input type=\"hidden\" name=\"_wpcf7_container_post\" value=\"0\" \/>\n<input type=\"hidden\" name=\"_wpcf7_posted_data_hash\" value=\"\" \/>\n<\/div>\n<p><label> Ad\u0131n\u0131z (gerekli)<br \/>\n    <span class=\"wpcf7-form-control-wrap your-name\"><input type=\"text\" name=\"your-name\" value=\"\" size=\"40\" class=\"wpcf7-form-control wpcf7-text wpcf7-validates-as-required\" aria-required=\"true\" aria-invalid=\"false\" \/><\/span> <\/label><\/p>\n<p><label> E-posta adresiniz (gerekli)<br \/>\n    <span class=\"wpcf7-form-control-wrap your-email\"><input type=\"email\" name=\"your-email\" value=\"\" size=\"40\" class=\"wpcf7-form-control wpcf7-text wpcf7-email wpcf7-validates-as-required wpcf7-validates-as-email\" aria-required=\"true\" aria-invalid=\"false\" \/><\/span> <\/label><\/p>\n<p><label> Konu<br \/>\n    <span class=\"wpcf7-form-control-wrap your-subject\"><input type=\"text\" name=\"your-subject\" value=\"\" size=\"40\" class=\"wpcf7-form-control wpcf7-text\" aria-invalid=\"false\" \/><\/span> <\/label><\/p>\n<p><label> \u0130letiniz<br \/>\n    <span class=\"wpcf7-form-control-wrap your-message\"><textarea name=\"your-message\" cols=\"40\" rows=\"10\" class=\"wpcf7-form-control wpcf7-textarea\" aria-invalid=\"false\"><\/textarea><\/span> <\/label><\/p>\n<p><input type=\"submit\" value=\"G\u00f6nder\" class=\"wpcf7-form-control wpcf7-submit\" \/><\/p>\n<div class=\"wpcf7-response-output\" role=\"alert\" aria-hidden=\"true\"><\/div><\/form><\/div>\n<\/div>\n<\/div><\/div><\/div><\/div><div id=\"pgc-15-2-1\"  class=\"panel-grid-cell\" ><div id=\"panel-15-2-1-0\" class=\"so-panel widget widget_sow-editor panel-first-child panel-last-child\" data-index=\"5\" ><div class=\"panel-widget-style panel-widget-style-for-15-2-1-0\" ><div class=\"so-widget-sow-editor so-widget-sow-editor-base\">\n<div class=\"siteorigin-widget-tinymce textwidget\">\n\t<p><iframe src=\"https:\/\/www.google.com\/maps\/embed?pb=!1m14!1m8!1m3!1d12502.373619795117!2d27.1633308!3d38.4277603!3m2!1i1024!2i768!4f13.1!3m3!1m2!1s0x0%3A0xbcd31fcde000abd2!2sAytek%20Kunduk%20G%C4%B1da!5e0!3m2!1str!2str!4v1602106956985!5m2!1str!2str\" width=\"500\" height=\"740\" frameborder=\"0\" style=\"border:0;\" allowfullscreen=\"\" aria-hidden=\"false\" tabindex=\"0\"><\/iframe><\/p>\n<\/div>\n<\/div><\/div><\/div><\/div><\/div><\/div>","protected":false},"excerpt":{"rendered":"<p>Adres \u00a0: Yeni\u015fehir, 1202. Sk. Ulubey \u0130\u015f Merkez No:57\/D, 35170 Konak\/\u0130zmir \u00a0 \u00a0 \u00a0 \u00a0 \u00a0 Telefon\u00a0 \u00a0 \u00a0:\u00a0 (0232) 457 13 69 \u00a0 \u00a0 \u00a0 \u00a0 \u00a0 \u00a0Mobil\u00a0 \u00a0 \u00a0 \u00a0:\u00a0 0532 255 49 20 &nbsp; \u00a0 \u00a0 \u00a0 \u00a0 \u00a0 \u00a0 \u00a0 \u00a0 \u00a0 \u00a0 \u00a0 \u00a0 \u00a0 \u00a0aytekkunduk@superonline.com &nbsp;<\/p>\n","protected":false},"author":1,"featured_media":0,"parent":0,"menu_order":0,"comment_status":"closed","ping_status":"closed","template":"templates\/page-fullwidth_template.php","meta":[],"_links":{"self":[{"href":"http:\/\/aytekkundukgida.com\/index.php\/wp-json\/wp\/v2\/pages\/15"}],"collection":[{"href":"http:\/\/aytekkundukgida.com\/index.php\/wp-json\/wp\/v2\/pages"}],"about":[{"href":"http:\/\/aytekkundukgida.com\/index.php\/wp-json\/wp\/v2\/types\/page"}],"author":[{"embeddable":true,"href":"http:\/\/aytekkundukgida.com\/index.php\/wp-json\/wp\/v2\/users\/1"}],"replies":[{"embeddable":true,"href":"http:\/\/aytekkundukgida.com\/index.php\/wp-json\/wp\/v2\/comments?post=15"}],"version-history":[{"count":53,"href":"http:\/\/aytekkundukgida.com\/index.php\/wp-json\/wp\/v2\/pages\/15\/revisions"}],"predecessor-version":[{"id":680,"href":"http:\/\/aytekkundukgida.com\/index.php\/wp-json\/wp\/v2\/pages\/15\/revisions\/680"}],"wp:attachment":[{"href":"http:\/\/aytekkundukgida.com\/index.php\/wp-json\/wp\/v2\/media?parent=15"}],"curies":[{"name":"wp","href":"https:\/\/api.w.org\/{rel}","templated":true}]}}